21
What are the prime factors of 2332631?
7, 333233
What are the prime factors of 142188692?
2, 31, 127, 9029
What are the prime factors of 7248664?
2, 17, 53299
What are the prime factors of 9436999?
11, 13, 65993
What are the prime factors of 130182674?
2, 59, 139, 7937
List the prime factors of 467052385.
5, 827, 112951
List the prime factors of 108125871.
3, 7, 5148851
What are the prime factors of 88769647?
31, 53, 97, 557
What are the prime factors of 19951602?
2, 3, 11, 302297
What are the prime factors of 116434123?
13, 8956471
What are the prime factors of 487230733?
11, 44293703
What are the prime factors of 6303315720?
2, 3, 5, 13, 103, 39229
List the prime factors of 357972167.
7, 367, 139343
What are the prime factors of 903617204?
2, 7, 41, 787123
What are the prime factors of 18245474?
2, 13, 73, 9613
List the prime factors of 276412634.
2, 647, 213611
List the prime factors of 2610949925.
5, 3527, 29611
List the prime factors of 1470930745.
5, 37, 163, 48779
List the prime factors of 2582895598.
2, 2131, 606029
List the prime factors of 876442295.
5, 109, 157, 10243
List the prime factors of 2460327790.
2, 5, 246032779
List the prime factors of 1193622139.
17, 79, 888773
What are the prime factors of 43254674?
2, 23, 940319
List the prime factors of 499687838.
2, 13, 19218763
List the prime factors of 50682793.
7, 821, 8819
What are the prime factors of 29883178?
2, 13, 17, 41, 97
What are the prime factors of 16736472?
2, 3, 232451
List the prime factors of 1935594119.
71, 1051, 25939
List the prime factors of 2654172999.
3, 109, 947, 2857
List the prime factors of 3361732838.
2, 29, 5737, 10103
List the prime factors of 350855655.
3, 5, 41, 570497
List the prime factors of 335510409.
3, 13, 73, 191, 617
List the prime factors of 3734138593.
3734138593
What are the prime factors of 66061408?
2, 7, 42131
What are the prime factors of 12306305?
5, 11, 20341
List the prime factors of 377569605.
3, 5, 7, 1723, 2087
What are the prime factors of 8877290?
2, 5, 151, 5879
What are the prime factors of 2457314701?
5939, 413759
List the prime factors of 2622258.
2, 3, 145681
List the prime factors of 1237441455.
3, 5, 29, 105359
What are the prime factors of 28679142?
2, 3, 1423, 3359
What are the prime factors of 159221039?
159221039
What are the prime factors of 83161099?
7, 367, 32371
List the prime factors of 54868433.
131, 418843
What are the prime factors of 315025538?
2, 17, 1993, 4649
List the prime factors of 71165574.
2, 3, 1317881
What are the prime factors of 85478286?
2, 3, 131, 108751
What are the prime factors of 7455019?
11, 13, 37, 1409
List the prime factors of 21411325.
5, 13, 65881
List the prime factors of 87353244.
2, 3, 11, 220589
List the prime factors of 136699574.
2, 11, 6213617
List the prime factors of 38197655.
5, 137, 55763
What are the prime factors of 585119187?
3, 743, 29167
List the prime factors of 2279542400.
2, 5, 712357
List the prime factors of 1417823485.
5, 13, 29, 241, 3121
What are the prime factors of 70449873?
3, 13, 1806407
What are the prime factors of 1237032380?
2, 5, 61851619
What are the prime factors of 798321722?
2, 11, 53, 73, 83, 113
What are the prime factors of 1220838192?
2, 3, 7, 79, 15331
What are the prime factors of 109599070?
2, 5, 7, 79, 19819
List the prime factors of 211296485.
5, 17, 467, 5323
What are the prime factors of 160446208?
2, 13, 37, 1303
What are the prime factors of 4702973772?
2, 3, 7, 17, 3293399
What are the prime factors of 592398270?
2, 3, 5, 2081, 3163
What are the prime factors of 877157109?
3, 17, 5733053
List the prime factors of 166378922.
2, 31, 337, 7963
List the prime factors of 542684926.
2, 7, 38763209
What are the prime factors of 79169598?
2, 3, 31, 53, 2677
List the prime factors of 178026293.
178026293
List the prime factors of 125720669.
4969, 25301
What are the prime factors of 595396518?
2, 3, 99232753
What are the prime factors of 4652286322?
2, 29629, 78509
List the prime factors of 3409672669.
13, 47, 5580479
List the prime factors of 192908185.
5, 83, 103, 4513
What are the prime factors of 629847898?
2, 269, 1170721
List the prime factors of 30505150.
2, 5, 13, 71, 661
What are the prime factors of 4114786789?
47017, 87517
What are the prime factors of 49546825?
5, 79, 25087
What are the prime factors of 15000426?
2, 3, 7, 17, 47, 149
What are the prime factors of 3010357?
7, 37, 59, 197
List the prime factors of 73551035.
5, 2351, 6257
What are the prime factors of 49893591?
3, 11, 1511927
List the prime factors of 176320402.
2, 88160201
List the prime factors of 16919755.
5, 3383951
List the prime factors of 785830157.
7, 103, 1089917
What are the prime factors of 177057149?
6131, 28879
What are the prime factors of 95736321?
3, 47, 89, 2543
What are the prime factors of 40430728?
2, 13, 388757
What are the prime factors of 68871247?
1217, 56591
List the prime factors of 218587413.
3, 11, 29, 228409
List the prime factors of 2920311987.
3, 37, 61, 431297
What are the prime factors of 3234682925?
5, 73, 283, 6263
What are the prime factors of 40045428?
2, 3, 31, 443
List the prime factors of 58917916.
2, 14729479
List the prime factors of 926635657.
926635657
What are the prime factors of 1339398149?
1339398149
List the prime factors of 256405072.
2, 7, 11, 208121
List the prime factors of 46839928.
2, 37, 158243
List the prime factors of 27580107.
3, 97, 94777
What are the prime factors of 4748065756?
2, 7, 2671, 63487
List the prime factors of 161882018.
2, 6151, 13159
What are the prime factors of 79167569?
13, 61, 99833
List the prime factors of 3656571920.
2, 5, 811, 56359
What are the prime factors of 51018848?
2, 1594339
List the prime factors of 130788173.
29, 131, 173, 199
What are the prime factors of 43258849?
1181, 36629
List the prime factors of 1023651339.
3, 341217113
What are the prime factors of 1619218746?
2, 3, 4973, 18089
What are the prime factors of 51453799?
51453799
List the prime factors of 93319786.
2, 7, 23, 353, 821
List the prime factors of 83767505.
5, 281, 59621
What are the prime factors of 67904841?
3, 19, 1191313
List the prime factors of 212929762.
2, 31, 3434351
What are the prime factors of 174887864?
2, 29, 31, 24317
What are the prime factors of 1342938965?
5, 268587793
What are the prime factors of 21615588?
2, 3, 600433
List the prime factors of 1202278645.
5, 240455729
List the prime factors of 33174984.
2, 3, 1382291
List the prime factors of 37876870.
2, 5, 3787687
List the prime factors of 299009934.
2, 3, 5537221
List the prime factors of 5179106.
2, 2589553
List the prime factors of 1959976143.
3, 239, 303731
What are the prime factors of 21752513?
163, 133451
What are the prime factors of 80765708?
2, 17, 61, 19471
What are the prime factors of 62940460?
2, 5, 11, 17, 16829
List the prime factors of 166419171.
3, 17, 362569
What are the prime factors of 3189986151?
3, 11, 96666247
List the prime factors of 700057246.
2, 7, 17, 541, 5437
What are the prime factors of 170905154?
2, 7, 2609, 4679
What are the prime factors of 59018163?
3, 1699, 11579
What are the prime factors of 453959305?
5, 19, 251501
List the prime factors of 19457689.
457, 42577
List the prime factors of 1599004498.
2, 7, 13, 1889, 4651
List the prime factors of 32474616.
2, 3, 739, 1831
List the prime factors of 367840726.
2, 11, 1520003
List the prime factors of 1691512718.
2, 7, 120822337
List the prime factors of 420066079.
19, 2837, 7793
List the prime factors of 504438492.
2, 3, 227, 185183
What are the prime factors of 59258883?
3, 373, 52957
What are the prime factors of 89018467?
1481, 60107
List the prime factors of 65005435.
5, 11, 139, 773
What are the prime factors of 4322703981?
3, 1440901327
What are the prime factors of 34597704?
2, 3, 23, 233, 269
What are the prime factors of 145365841?
145365841
What are the prime factors of 47268189?
3, 5252021
What are the prime factors of 289454241?
3, 23, 4194989
What are the prime factors of 112331347?
112331347
List the prime factors of 770144501.
7, 31, 89, 39877
List the prime factors of 7571825000.
2, 5, 302873
What are the prime factors of 202743916?
2, 50685979
List the prime factors of 807054998.
2, 403527499
List the prime factors of 5311250906